{"id":2,"date":"2024-08-12T07:13:04","date_gmt":"2024-08-12T07:13:04","guid":{"rendered":"https:\/\/jpetaxi.penloup.eu\/?page_id=2"},"modified":"2024-10-22T08:55:34","modified_gmt":"2024-10-22T06:55:34","slug":"service-de-taxi-rennes","status":"publish","type":"page","link":"https:\/\/jpe-taxirennes.fr\/","title":{"rendered":"Service de Taxi \u00e0 Rennes gare ou a\u00e9roport ?"},"content":{"rendered":"\n<blockquote class=\"wp-block-quote is-layout-flow wp-block-quote-is-layout-flow\">\n<p>Vous cherchez un service de Taxi \u00e0 Rennes ? Optez pour un voyage de qualit\u00e9 avec notre service de taxi \u00e0 Rennes ! Offrant confort, s\u00e9curit\u00e9 et ponctualit\u00e9, JPE Taxi vous offre une exp\u00e9rience de transport exceptionnelle. <\/p>\n\n\n\n<p><\/p>\n\n\n\n<p><br>Que vous ayez besoin d&rsquo;un transfert a\u00e9roport, d&rsquo;une visite des sites embl\u00e9matiques comme le Parlement de Bretagne ou simplement d&rsquo;un trajet quotidien, nous sommes \u00e0 votre service 24\/7. <br><br>Profitez d&rsquo;un v\u00e9hicule impeccablement entretenu permettant de prendre jusqu&rsquo;\u00e0 6 personnes.<br><br>R\u00e9servez d\u00e8s maintenant au 06 85 87 73 49 ou sur www.jpetaxi.com pour un trajet sans souci \u00e0 Rennes !<\/p>\n\n\n\n<p>JPE Taxi  peut vous faire b\u00e9n\u00e9ficier de la convention CPAM. Sur prescription d&rsquo;un m\u00e9decin et pour certaines pathologies entrainant de r\u00e9elles d\u00e9ficiences physiques ou incapacit\u00e9s &#8211; les d\u00e9placements pour raison m\u00e9dicale peuvent \u00eatre pris en charge au moins partiellement par la Caisse Primaire d&rsquo;Assurance Maladie (CPAM) du d\u00e9partement (Ille-et-Vilaine &#8211; 35).<\/p>\n\n\n\n<p>Liens utiles :<\/p>\n\n\n\n<p><a href=\"https:\/\/www.garesetconnexions.sncf\/fr\/gares-services\/rennes\" target=\"_blank\" rel=\"noreferrer noopener nofollow\">https:\/\/www.garesetconnexions.sncf\/fr\/gares-services\/rennes<\/a><\/p>\n<\/blockquote>\n\n\n\n<p><a href=\"https:\/\/www.rennes.aeroport.fr\">https:\/\/www.rennes.aeroport.fr<\/a><\/p>\n\n\n\n<p><\/p>\n","protected":false},"excerpt":{"rendered":"<p>Vous cherchez un service de Taxi \u00e0 Rennes ? Optez pour un voyage de qualit\u00e9 avec notre service de taxi \u00e0 Rennes ! Offrant confort, s\u00e9curit\u00e9 et ponctualit\u00e9, JPE Taxi vous offre une exp\u00e9rience de transport exceptionnelle. Que vous ayez besoin d&rsquo;un transfert a\u00e9roport, d&rsquo;une visite des sites embl\u00e9matiques comme le Parlement de Bretagne ou [&hellip;]<\/p>\n","protected":false},"author":1,"featured_media":0,"parent":0,"menu_order":0,"comment_status":"closed","ping_status":"open","template":"","meta":{"footnotes":""},"class_list":["post-2","page","type-page","status-publish","hentry"],"yoast_head":"<!-- This site is optimized with the Yoast SEO plugin v27.3 - https:\/\/yoast.com\/product\/yoast-seo-wordpress\/ -->\n<title>Service de Taxi \u00e0 Rennes gare ou a\u00e9roport ? - JPE TAXI<\/title>\n<meta name=\"description\" content=\"Service de Taxi \u00e0 Rennes 24\/7 , Appeler ou r\u00e9server d\u00e8s maintenant au 06 85 87 73 49, pour des trajets court et longs\" \/>\n<meta name=\"robots\" content=\"index, follow, max-snippet:-1, max-image-preview:large, max-video-preview:-1\" \/>\n<link rel=\"canonical\" href=\"https:\/\/jpe-taxirennes.fr\/\" \/>\n<meta property=\"og:locale\" content=\"fr_FR\" \/>\n<meta property=\"og:type\" content=\"article\" \/>\n<meta property=\"og:title\" content=\"Service de Taxi \u00e0 Rennes gare ou a\u00e9roport ? - JPE TAXI\" \/>\n<meta property=\"og:description\" content=\"Service de Taxi \u00e0 Rennes 24\/7 , Appeler ou r\u00e9server d\u00e8s maintenant au 06 85 87 73 49, pour des trajets court et longs\" \/>\n<meta property=\"og:url\" content=\"https:\/\/jpe-taxirennes.fr\/\" \/>\n<meta property=\"og:site_name\" content=\"JPE TAXI\" \/>\n<meta property=\"article:modified_time\" content=\"2024-10-22T06:55:34+00:00\" \/>\n<meta name=\"twitter:card\" content=\"summary_large_image\" \/>\n<meta name=\"twitter:label1\" content=\"Dur\u00e9e de lecture estim\u00e9e\" \/>\n\t<meta name=\"twitter:data1\" content=\"1 minute\" \/>\n<script type=\"application\/ld+json\" class=\"yoast-schema-graph\">{\"@context\":\"https:\\\/\\\/schema.org\",\"@graph\":[{\"@type\":\"AdvertiserContentArticle\",\"@id\":\"https:\\\/\\\/jpe-taxirennes.fr\\\/#article\",\"isPartOf\":{\"@id\":\"https:\\\/\\\/jpe-taxirennes.fr\\\/\"},\"author\":{\"name\":\"david\",\"@id\":\"https:\\\/\\\/jpe-taxirennes.fr\\\/#\\\/schema\\\/person\\\/fa81bd8286a0881a9f657e377ae5ed2d\"},\"headline\":\"Service de Taxi \u00e0 Rennes gare ou a\u00e9roport ?\",\"datePublished\":\"2024-08-12T07:13:04+00:00\",\"dateModified\":\"2024-10-22T06:55:34+00:00\",\"mainEntityOfPage\":{\"@id\":\"https:\\\/\\\/jpe-taxirennes.fr\\\/\"},\"wordCount\":178,\"publisher\":{\"@id\":\"https:\\\/\\\/jpe-taxirennes.fr\\\/#organization\"},\"inLanguage\":\"fr-FR\"},{\"@type\":\"WebPage\",\"@id\":\"https:\\\/\\\/jpe-taxirennes.fr\\\/\",\"url\":\"https:\\\/\\\/jpe-taxirennes.fr\\\/\",\"name\":\"Service de Taxi \u00e0 Rennes gare ou a\u00e9roport ? - JPE TAXI\",\"isPartOf\":{\"@id\":\"https:\\\/\\\/jpe-taxirennes.fr\\\/#website\"},\"datePublished\":\"2024-08-12T07:13:04+00:00\",\"dateModified\":\"2024-10-22T06:55:34+00:00\",\"description\":\"Service de Taxi \u00e0 Rennes 24\\\/7 , Appeler ou r\u00e9server d\u00e8s maintenant au 06 85 87 73 49, pour des trajets court et longs\",\"breadcrumb\":{\"@id\":\"https:\\\/\\\/jpe-taxirennes.fr\\\/#breadcrumb\"},\"inLanguage\":\"fr-FR\",\"potentialAction\":[{\"@type\":\"ReadAction\",\"target\":[\"https:\\\/\\\/jpe-taxirennes.fr\\\/\"]}]},{\"@type\":\"BreadcrumbList\",\"@id\":\"https:\\\/\\\/jpe-taxirennes.fr\\\/#breadcrumb\",\"itemListElement\":[{\"@type\":\"ListItem\",\"position\":1,\"name\":\"Home\",\"item\":\"https:\\\/\\\/jpe-taxirennes.fr\\\/\"},{\"@type\":\"ListItem\",\"position\":2,\"name\":\"Service de Taxi \u00e0 Rennes gare ou a\u00e9roport ?\"}]},{\"@type\":\"WebSite\",\"@id\":\"https:\\\/\\\/jpe-taxirennes.fr\\\/#website\",\"url\":\"https:\\\/\\\/jpe-taxirennes.fr\\\/\",\"name\":\"JPE TAXI\",\"description\":\"Le meilleur service de Taxi de Rennes\",\"publisher\":{\"@id\":\"https:\\\/\\\/jpe-taxirennes.fr\\\/#organization\"},\"potentialAction\":[{\"@type\":\"SearchAction\",\"target\":{\"@type\":\"EntryPoint\",\"urlTemplate\":\"https:\\\/\\\/jpe-taxirennes.fr\\\/?s={search_term_string}\"},\"query-input\":{\"@type\":\"PropertyValueSpecification\",\"valueRequired\":true,\"valueName\":\"search_term_string\"}}],\"inLanguage\":\"fr-FR\"},{\"@type\":\"Organization\",\"@id\":\"https:\\\/\\\/jpe-taxirennes.fr\\\/#organization\",\"name\":\"JPE TAXI\",\"url\":\"https:\\\/\\\/jpe-taxirennes.fr\\\/\",\"logo\":{\"@type\":\"ImageObject\",\"inLanguage\":\"fr-FR\",\"@id\":\"https:\\\/\\\/jpe-taxirennes.fr\\\/#\\\/schema\\\/logo\\\/image\\\/\",\"url\":\"https:\\\/\\\/jpe-taxirennes.fr\\\/wp-content\\\/uploads\\\/2024\\\/11\\\/cropped-IMG_7296.jpg\",\"contentUrl\":\"https:\\\/\\\/jpe-taxirennes.fr\\\/wp-content\\\/uploads\\\/2024\\\/11\\\/cropped-IMG_7296.jpg\",\"width\":1381,\"height\":881,\"caption\":\"JPE TAXI\"},\"image\":{\"@id\":\"https:\\\/\\\/jpe-taxirennes.fr\\\/#\\\/schema\\\/logo\\\/image\\\/\"}},{\"@type\":\"Person\",\"@id\":\"https:\\\/\\\/jpe-taxirennes.fr\\\/#\\\/schema\\\/person\\\/fa81bd8286a0881a9f657e377ae5ed2d\",\"name\":\"david\",\"image\":{\"@type\":\"ImageObject\",\"inLanguage\":\"fr-FR\",\"@id\":\"https:\\\/\\\/secure.gravatar.com\\\/avatar\\\/61edf7498a15aa18ee38a7e1e6d44bd570ab1351a48ecf3282ae4835ed4aeb27?s=96&d=mm&r=g\",\"url\":\"https:\\\/\\\/secure.gravatar.com\\\/avatar\\\/61edf7498a15aa18ee38a7e1e6d44bd570ab1351a48ecf3282ae4835ed4aeb27?s=96&d=mm&r=g\",\"contentUrl\":\"https:\\\/\\\/secure.gravatar.com\\\/avatar\\\/61edf7498a15aa18ee38a7e1e6d44bd570ab1351a48ecf3282ae4835ed4aeb27?s=96&d=mm&r=g\",\"caption\":\"david\"},\"sameAs\":[\"https:\\\/\\\/jpetaxi.penloup.eu\"],\"url\":\"https:\\\/\\\/jpe-taxirennes.fr\\\/?author=1\"}]}<\/script>\n<!-- \/ Yoast SEO plugin. -->","yoast_head_json":{"title":"Service de Taxi \u00e0 Rennes gare ou a\u00e9roport ? - JPE TAXI","description":"Service de Taxi \u00e0 Rennes 24\/7 , Appeler ou r\u00e9server d\u00e8s maintenant au 06 85 87 73 49, pour des trajets court et longs","robots":{"index":"index","follow":"follow","max-snippet":"max-snippet:-1","max-image-preview":"max-image-preview:large","max-video-preview":"max-video-preview:-1"},"canonical":"https:\/\/jpe-taxirennes.fr\/","og_locale":"fr_FR","og_type":"article","og_title":"Service de Taxi \u00e0 Rennes gare ou a\u00e9roport ? - JPE TAXI","og_description":"Service de Taxi \u00e0 Rennes 24\/7 , Appeler ou r\u00e9server d\u00e8s maintenant au 06 85 87 73 49, pour des trajets court et longs","og_url":"https:\/\/jpe-taxirennes.fr\/","og_site_name":"JPE TAXI","article_modified_time":"2024-10-22T06:55:34+00:00","twitter_card":"summary_large_image","twitter_misc":{"Dur\u00e9e de lecture estim\u00e9e":"1 minute"},"schema":{"@context":"https:\/\/schema.org","@graph":[{"@type":"AdvertiserContentArticle","@id":"https:\/\/jpe-taxirennes.fr\/#article","isPartOf":{"@id":"https:\/\/jpe-taxirennes.fr\/"},"author":{"name":"david","@id":"https:\/\/jpe-taxirennes.fr\/#\/schema\/person\/fa81bd8286a0881a9f657e377ae5ed2d"},"headline":"Service de Taxi \u00e0 Rennes gare ou a\u00e9roport ?","datePublished":"2024-08-12T07:13:04+00:00","dateModified":"2024-10-22T06:55:34+00:00","mainEntityOfPage":{"@id":"https:\/\/jpe-taxirennes.fr\/"},"wordCount":178,"publisher":{"@id":"https:\/\/jpe-taxirennes.fr\/#organization"},"inLanguage":"fr-FR"},{"@type":"WebPage","@id":"https:\/\/jpe-taxirennes.fr\/","url":"https:\/\/jpe-taxirennes.fr\/","name":"Service de Taxi \u00e0 Rennes gare ou a\u00e9roport ? - JPE TAXI","isPartOf":{"@id":"https:\/\/jpe-taxirennes.fr\/#website"},"datePublished":"2024-08-12T07:13:04+00:00","dateModified":"2024-10-22T06:55:34+00:00","description":"Service de Taxi \u00e0 Rennes 24\/7 , Appeler ou r\u00e9server d\u00e8s maintenant au 06 85 87 73 49, pour des trajets court et longs","breadcrumb":{"@id":"https:\/\/jpe-taxirennes.fr\/#breadcrumb"},"inLanguage":"fr-FR","potentialAction":[{"@type":"ReadAction","target":["https:\/\/jpe-taxirennes.fr\/"]}]},{"@type":"BreadcrumbList","@id":"https:\/\/jpe-taxirennes.fr\/#breadcrumb","itemListElement":[{"@type":"ListItem","position":1,"name":"Home","item":"https:\/\/jpe-taxirennes.fr\/"},{"@type":"ListItem","position":2,"name":"Service de Taxi \u00e0 Rennes gare ou a\u00e9roport ?"}]},{"@type":"WebSite","@id":"https:\/\/jpe-taxirennes.fr\/#website","url":"https:\/\/jpe-taxirennes.fr\/","name":"JPE TAXI","description":"Le meilleur service de Taxi de Rennes","publisher":{"@id":"https:\/\/jpe-taxirennes.fr\/#organization"},"potentialAction":[{"@type":"SearchAction","target":{"@type":"EntryPoint","urlTemplate":"https:\/\/jpe-taxirennes.fr\/?s={search_term_string}"},"query-input":{"@type":"PropertyValueSpecification","valueRequired":true,"valueName":"search_term_string"}}],"inLanguage":"fr-FR"},{"@type":"Organization","@id":"https:\/\/jpe-taxirennes.fr\/#organization","name":"JPE TAXI","url":"https:\/\/jpe-taxirennes.fr\/","logo":{"@type":"ImageObject","inLanguage":"fr-FR","@id":"https:\/\/jpe-taxirennes.fr\/#\/schema\/logo\/image\/","url":"https:\/\/jpe-taxirennes.fr\/wp-content\/uploads\/2024\/11\/cropped-IMG_7296.jpg","contentUrl":"https:\/\/jpe-taxirennes.fr\/wp-content\/uploads\/2024\/11\/cropped-IMG_7296.jpg","width":1381,"height":881,"caption":"JPE TAXI"},"image":{"@id":"https:\/\/jpe-taxirennes.fr\/#\/schema\/logo\/image\/"}},{"@type":"Person","@id":"https:\/\/jpe-taxirennes.fr\/#\/schema\/person\/fa81bd8286a0881a9f657e377ae5ed2d","name":"david","image":{"@type":"ImageObject","inLanguage":"fr-FR","@id":"https:\/\/secure.gravatar.com\/avatar\/61edf7498a15aa18ee38a7e1e6d44bd570ab1351a48ecf3282ae4835ed4aeb27?s=96&d=mm&r=g","url":"https:\/\/secure.gravatar.com\/avatar\/61edf7498a15aa18ee38a7e1e6d44bd570ab1351a48ecf3282ae4835ed4aeb27?s=96&d=mm&r=g","contentUrl":"https:\/\/secure.gravatar.com\/avatar\/61edf7498a15aa18ee38a7e1e6d44bd570ab1351a48ecf3282ae4835ed4aeb27?s=96&d=mm&r=g","caption":"david"},"sameAs":["https:\/\/jpetaxi.penloup.eu"],"url":"https:\/\/jpe-taxirennes.fr\/?author=1"}]}},"_links":{"self":[{"href":"https:\/\/jpe-taxirennes.fr\/index.php?rest_route=\/wp\/v2\/pages\/2","targetHints":{"allow":["GET"]}}],"collection":[{"href":"https:\/\/jpe-taxirennes.fr\/index.php?rest_route=\/wp\/v2\/pages"}],"about":[{"href":"https:\/\/jpe-taxirennes.fr\/index.php?rest_route=\/wp\/v2\/types\/page"}],"author":[{"embeddable":true,"href":"https:\/\/jpe-taxirennes.fr\/index.php?rest_route=\/wp\/v2\/users\/1"}],"replies":[{"embeddable":true,"href":"https:\/\/jpe-taxirennes.fr\/index.php?rest_route=%2Fwp%2Fv2%2Fcomments&post=2"}],"version-history":[{"count":18,"href":"https:\/\/jpe-taxirennes.fr\/index.php?rest_route=\/wp\/v2\/pages\/2\/revisions"}],"predecessor-version":[{"id":259,"href":"https:\/\/jpe-taxirennes.fr\/index.php?rest_route=\/wp\/v2\/pages\/2\/revisions\/259"}],"wp:attachment":[{"href":"https:\/\/jpe-taxirennes.fr\/index.php?rest_route=%2Fwp%2Fv2%2Fmedia&parent=2"}],"curies":[{"name":"wp","href":"https:\/\/api.w.org\/{rel}","templated":true}]}}